
Let z be 10 - 2*(-1)/(-2). Suppose -6*l + 4*l - 4*s = -36, 3*s - 2 = l. Suppose -w + 5 = 2*n - z, l = w - 2*n. What is the remainder when 47 is divided by w?
11
Suppose -4*c - 3*m + 7*m = 152, m - 174 = 5*c. Let x be (-2 - c)*9/12. Suppose -6*d + 2*d = -x. What is the remainder when 23 is divided by d?
5
Suppose -3*d = -5*r + 319, 0 = 2*r + 5*d + 54 - 194. Let h = r - 41. What is the remainder when 167 is divided by h?
23
Let q = 19 + -19. Suppose z - 31 - 52 = q. What is the remainder when z is divided by 17?
15
Let k = -180 + 110. Let t = -37 - k. Calculate the remainder when t is divided by 12.
9
Let d = -7 + 12. Suppose p - 2*p + 40 = -4*g, p - d*g - 43 = 0. Suppose -5*i = -9*i + p. What is the remainder when 33 is divided by i?
5
What is the remainder when -27*4/(-8)*22 is divided by 30?
27
Let k = 22 - -5. Let z(o) = 3*o - 43. What is the remainder when k is divided by z(16)?
2
Let g(y) = -2*y**3 - 10*y**2 + 6*y - 9. What is the remainder when g(-6) is divided by 19?
8
Let c = 325 - 232. Suppose 9*p + 640 = 29*p. Calculate the remainder when c is divided by p.
29
Let s be 0 + 1 + 7*2. Suppose -16 = -3*w - 4*b, 2 + 10 = 4*w + 3*b. Let p = s - w. What is the remainder when 58 is divided by p?
13
Suppose 4*w = -4*f + 32 + 100, -5*w + f + 189 = 0. What is the remainder when 1884 is divided by w?
34
Let o(z) = -z**3 - 27*z**2 - 30*z + 116. Calculate the remainder when o(-26) is divided by 75.
70
Suppose 4*s = 2*l + 2*s, 0 = -5*l + 4*s. Suppose 10*b - 15*b + 55 = l. What is the remainder when 18 is divided by b?
7
Suppose -5*k + 130 = -l, k + 0*l - 4*l = 26. Calculate the remainder when k is divided by (28 - 0)/((-9)/(27/(-6))).
12
Suppose -2*o = -0*o - 4*i - 22, 4*i = 5*o - 79. What is the remainder when 36 is divided by o?
17
Suppose -91 - 101 = -8*w. Suppose 9 = o - w. What is the remainder when o is divided by 20?
13
Suppose 4*c = 3*x - 20, 0*x - 6 = -3*x - 3*c. Calculate the remainder when 99 is divided by (10/x)/(23/184).
19
Suppose -91 = -28*m + 21. What is the remainder when m is divided by 2?
0
Let o = 30 - 26. Suppose -24*z - 30 = -29*z. Calculate the remainder when z is divided by o.
2
Suppose 5*g = 29*g - 72. Suppose a - 45 = -4*a. Let u = -3 + a. What is the remainder when u is divided by g?
0
Suppose 239 = 4*c - m, -4*m = -8*c + 12*c - 264. Calculate the remainder when 913 is divided by c.
59
Suppose -5*z + 2*r + 1337 = 0, 0 = -5*z - 2*r - 33 + 1386. Calculate the remainder when z is divided by 45.
44
Suppose 5*m + 171 = 2*d, m + 35 = -2*d + 224. Calculate the remainder when d is divided by 33.
27
Let u(f) = -11*f**3 + 2*f**2 - 1. What is the remainder when ((-3)/(-35)*98)/((-4)/(-10)) is divided by u(-1)?
9
Suppose -3279 = -83*x - 42. What is the remainder when x is divided by 16?
7
Let q(k) = k**2 - 7*k + 4. Let g be q(7). Suppose m + 3*v + 4 = 14, -2*m + 40 = -g*v. What is the remainder when m is divided by 6?
4
Let x(t) = -t**2 + 10*t + 1. Let k be x(6). Let j = k + -11. Let r(w) = 9*w + 2. What is the remainder when r(4) is divided by j?
10
Let q = 1235 + -823. Calculate the remainder when q is divided by 23.
21
Let v = -48 + 85. What is the remainder when v is divided by (-125)/(-100) + 102/8?
9
Suppose 4*i - 27 = 9. Let z = 14 - i. Suppose 4*t + 24 = z*t. What is the remainder when 46 is divided by t?
22
Let m = 713 + -635. Calculate the remainder when 388 is divided by m.
76
Let j be 1/3 + 30/18. Suppose 8 = 2*l - 5*c, 0 = 5*l - 0*c - j*c - 20. Suppose l*u = 222 + 30. What is the remainder when u is divided by 13?
11
Let f(r) be the first derivative of 13*r**3/3 + r**2/2 + r + 1. Let t(b) = 31*b - 3. Calculate the remainder when f(2) is divided by t(1).
27
Suppose 0 = 3*b - 5 - 4. Suppose 4*k + 4*q - 24 = 0, 5*k - b*q + 5 = -5. Let p = 7 - 4. What is the remainder when p is divided by k?
0
Suppose -4*n = -0*n + 16. Let g be (6/9)/(n/(-54)). Suppose -8*w - 18 = -g*w. Calculate the remainder when 35 is divided by w.
17
Let c = 1815 + -1356. What is the remainder when c is divided by 118?
105
Let b = -5 + 16. What is the remainder when ((1400/21)/(-4))/((-3)/9) is divided by b?
6
Let j(l) = -l + 17. Calculate the remainder when (-1)/6 + 187/6 is divided by j(6).
9
Suppose 0 = -28*h - 830 + 6794. What is the remainder when h is divided by 18?
15
Let g(q) = -4*q + q - 1 + 7*q + q. Let f be (2 + -2 + 2)*2. Calculate the remainder when g(f) is divided by 7.
5
Let y(j) = 38*j - 47. Let m be y(7). Let d = m - 134. What is the remainder when d is divided by 8?
5
Let r(t) = -t + 29. Let n = 60 - 72. Calculate the remainder when r(n) is divided by 15.
11
Let c = 29 - 1. Suppose -3*a + 5 = -q + 12, -4*q = a - c. Calculate the remainder when 20 is divided by q.
6
Calculate the remainder when (1/1)/(-1) + 230 is divided by 23.
22
Suppose 4*c + 4 - 28 = 0. Calculate the remainder when 15 is divided by c.
3
Let y(f) = 2*f**2 - 17*f - 127. What is the remainder when y(-7) is divided by 32?
26
Suppose -47*a + 176 = -3*a. Calculate the remainder when 34 is divided by a.
2
Suppose 4*p + 3*a = 0, -2*p - 2*a + 4 = 2*p. Let i be p + 64 - -3 - 2. Suppose 27 = 5*w - i. Calculate the remainder when w is divided by 11.
8
Let p be 7/(-42) + 703/6. Let d = p + -83. Suppose -2*a + 45 = -7*k + 4*k, 3*k = -9. Calculate the remainder when d is divided by a.
16
Let m(j) = -j**2 + 9*j - 5. Let q be (-1)/(-1) + (7 - 8). Let s = q + 6. What is the remainder when m(s) is divided by 7?
6
Suppose 3168 = 864*m - 853*m. What is the remainder when m is divided by 14?
8
Let r be 39/(-33) - (-6)/33. Let v be (70/(-8) + r)*-8. Suppose -3*x - 5*z + 3*z + v = 0, 0 = 3*x + 3*z - 75. Calculate the remainder when x is divided by 15.
13
Let a = -163 + 214. Calculate the remainder when 202 is divided by a.
49
Suppose -102 = -5*x + 28. Let k be (55/5 - -4)*-1. Let a = -8 - k. Calculate the remainder when x is divided by a.
5
Suppose -12*k = -k - 1298. Let g = -95 + k. What is the remainder when 89 is divided by g?
20
Let f = 517 - 336. Calculate the remainder when f is divided by 76.
29
Let z = 934 + -869. What is the remainder when z is divided by 49?
16
Let f be (-324)/(-33) - 6/(-33). Suppose f = -w + 15. Calculate the remainder when 7 is divided by 3/(-2)*(-10)/w.
1
Let q = -382 - -410. Let n be (-5)/(-2) + 2/4. Suppose 0*z + n*p - 126 = -z, 2*z = -2*p + 232. What is the remainder when z is divided by q?
27
Let a(j) = j - 4. Let q(k) = -2*k + 7. Let v(c) = -9*a(c) - 4*q(c). What is the remainder when v(6) is divided by (4/(-6))/((-3)/((-27)/(-6)))?
0
Suppose 7*r = 2*r + 80. What is the remainder when 46 is divided by r?
14
Let t(f) = -2*f**2 + 5*f + 2. Let n be t(3). Calculate the remainder when 90 is divided by 300/16 - n/4.
14
Let r(v) = -29*v - 3. Suppose 0 = -53*w + 270 + 737. What is the remainder when r(-4) is divided by w?
18
Let c = 256 + -240. Calculate the remainder when 56 is divided by c.
8
Let b be 94/3*9 + 1. Let k = b + -200. Calculate the remainder when k is divided by 17.
15
Let n(s) = s**3 - 12*s**2 + 11*s + 15. Let k be n(11). Suppose 24*x + k = 25*x. Calculate the remainder when 40 is divided by x.
10
Let o be (-2)/7 - 92/(-28). Suppose -o*l + 10*l = 476. Calculate the remainder when l is divided by 19.
11
Let j = 1 + 17. Let p = 230 + -182. Calculate the remainder when p is divided by j.
12
Let f = -3 + 0. Suppose -3*v + 132 = -3*c, -5*c = -v + 35 + 29. Calculate the remainder when v is divided by 2/f*63/(-2).
18
Suppose 8*n = 4*n + 32. Suppose n*u - 5*u = 93. Suppose -3*k = 4*m - 12, -k - 1 = -m - 12. Calculate the remainder when u is divided by k.
7
Suppose 0 = -3*k + 78 + 33. Let m = k - 31. Let h(j) = -15*j - 2. Calculate the remainder when h(-2) is divided by m.
4
Suppose -3 = -f + 1. Let j be 1*0*f/12. Suppose 3*a + a - o = 263, j = -a + 4*o + 77. Calculate the remainder when a is divided by 17.
14
Suppose 7*q - 2*q - 2*f - 95 = 0, 0 = q + 2*f - 19. What is the remainder when 29 is divided by q?
10
Suppose -9*c + 4*c - 4*k + 29 = 0, -c + 3*k + 2 = 0. What is the remainder when (-7)/(c/(-2 + -18)) is divided by 15?
13
Let l(q) = 2*q**2 + 1. Let i be 1 - (-14)/(4/2). Suppose -4*k + 8 = -i. What is the remainder when l(k) is divided by 12?
9
Suppose 3*t - 2*f - 17 = 0, 4*t - 5 = -5*f - 13. Suppose 0 = a + 5*n - 72, 3*a - t*n + 288 = 7*a. What